.
-4
Let h(t) = -2*t + 11. Let m(c) = -c. Let q(a) = h(a) - 3*m(a). Let s be q(-8). Let n(g) = 2*g. Determine n(s).
6
Let j(z) = -30*z**2 + z**3 + 2 + 14*z - 10*z + 33*z**2 + 0 - 2*z**3. Give j(4).
2
Let o(i) = i - 2. Let f be o(3). Let p(y) = -6*y - 6. Let d(m) = m. Let l(j) = f*p(j) + 5*d(j). Suppose -7 = -4*n - 23. Calculate l(n).
-2
Let h(n) = -5*n**2 - 7 + 0*n**3 - 50*n + n**3 + 81*n - 36*n. Let i = 1 + 5. Calculate h(i).
-1
Let p(i) be the second derivative of i**3/2 + i**2/2 - 85*i. Calculate p(2).
7
Let n(y) = -y - 12 + 30 + 3*y - 3*y - 13. What is n(-12)?
17
Suppose 0 = 3*q - 4*q + 1. Let l(i) be the third derivative of 13*i**6/720 + i**5/120 - i**4/24 - i**2. Let t(s) be the second derivative of l(s). What is t(q)?
14
Let l(j) = 2 - 5 - j - 2 + 1. Let a be (-12 - -8)/(6/9). Calculate l(a).
2
Suppose -2*u + 4*u = -5*t + 59, -u + 22 = t. Let s(n) = -n**2 + 17*n + 5. Determine s(u).
5
Let h(u) = -4*u - 1. Let w = -2039 + 2034. Calculate h(w).
19
Let t(x) = 10*x - 1. Suppose -4*o + 3*s = -19, -4*s + 2 = o - 2*s. Let m be 125/45 - o/(-18). Let h = -2 + m. Determine t(h).
9
Let h(u) = u**3 - u**2 + 2*u - 6. Let v(t) = 3*t**3 - 5*t**2 + 8*t - 17. Let l(f) = 8*h(f) - 3*v(f). What is l(5)?
13
Let y(x) = 4*x**2. Let q = 361 + -364. Let v(g) = -6*g**3 - 4*g**2 - 7*g + 1. Let j(c) = c**3 + c. Let n(s) = -5*j(s) - v(s). Let l be n(q). Determine y(l).
16
Let q(d) be the third derivative of d**4/12 + d**3/3 + 405*d**2. Let c(i) = -i**3 - 4*i**2 - 2*i - 5. Let y = -9 + 5. Let n be c(y). Calculate q(n).
8
Let y(m) = 2 - 2 + 1382*m - 1383*m. Let t be (-6)/(-27) + 25/9. Suppose 2*c + 0*c - 5*v - 22 = 0, 12 = -t*v. Determine y(c).
-1
Let a(o) = o - 1. Suppose z - 21 = 3*w, 2*z - 6*w + w = 37. Determine a(z).
5
Let r = -2 + 4. Let o(h) = 5*h + 6. Let g(n) = n + 3. Let k(s) = 3*g(s) - o(s). What is k(r)?
-1
Suppose 2*c - 5*t - 2 = 3*c, -6 = -3*c - 3*t. Let f(i) = -4*i**3 - 2*i**2 + 6. Let b(p) = 11*p**3 + 5*p**2 - 18. Let h(m) = c*b(m) + 8*f(m). Determine h(0).
-6
Let n(o) = -o**2 + 3*o + 4. Let u(g) = -3*g**2 + 8*g + 13. Let f(y) = 8*n(y) - 3*u(y). Let j be (0 - 1)*(4 + -4). Determine f(j).
-7
Let b(u) = -38*u + 21*u - u**2 + 23*u - 5. What is b(8)?
-21
Let j(n) be the second derivative of n**3/3 + 9*n**2/2 - 3*n. Let u(l) = -58*l - 239. Let m be u(-4). Give j(m).
-5
Suppose -7 - 6 = -13*h. Let a(v) = -2*v**2 + 2*v - 1. Give a(h).
-1
Let b = 1959 + -23507/12. Let a(r) be the second derivative of 7/6*r**3 - 1/2*r**2 - 9*r + 0 - b*r**4. Determine a(5).
9
Let b(l) = 5*l**2 + 2*l + 1. Let i(q) = -10*q**2 - 3*q - 2. Let r(v) = -5*b(v) - 3*i(v). Let s be -1 + (1 - -7) + -4. Suppose -2*p + s = 1. Calculate r(p).
5
Let z(k) = -k + 2. Let y be z(2). Let b(n) = -4*n**3 - 7 - 22*n + y*n**3 + 5*n**3 + 16*n + 5*n**2. Let w be (12/1)/2*-1. Determine b(w).
-7
Let m = 43 - 39. Let b = m - 3. Let h(c) = 6*c**2 + c + 1. Let v(a) = 13*a**2 + 2*a + 3. Let o(u) = 5*h(u) - 2*v(u). Give o(b).
4
Let p(f) = 1. Let q(m) = 11*m**2 - 7*m - 20. Let n(s) = -p(s) - q(s). Let v(c) = 7*c**2 - 5*c - 13. Let x(i) = 5*n(i) + 8*v(i). Calculate x(7).
5
Let o(r) = -59*r - 14. Let j(v) = 21*v + 5. Let t(y) = 17*j(y) + 6*o(y). Calculate t(-3).
-8
Let k be (-45)/27*4/8*-6. Let o(w) = 2*w**2 - 8*w + 4. Determine o(k).
14
Let c(m) = -2*m**2 - 5*m - 3. Suppose k + 23 = -5*t, 0 = -10*k + 14*k - 3*t. What is c(k)?
-6
Let o be (26*(-3)/12)/(3/(-6)). Let j(n) = -24*n + 10*n - 4 + o*n. Let r(g) = g**2 + 5*g + 4. Let u be r(-4). Calculate j(u).
-4
Suppose -4*l + 18 = -l. Suppose -4*z + 6 + l = 5*o, z + 5*o = 18. Let h(a) be the first derivative of -a**4/4 - 2*a**3/3 + a**2/2 + a - 1. Determine h(z).
-1
Let k(n) = -n**3 + 7*n**2 - n. Let w(d) = d**3 - 7*d**2 + 2*d - 1. Let s(i) = -3*k(i) - 4*w(i). Determine s(6).
10
Let s(v) = -2*v - 18. Let p be s(-10). Let g(k) = -p - 40*k + 7 + 38*k. What is g(5)?
-5
Let o be -4*(12/(-8) + 1). Let c(h) = -13 + h**3 - 842*h**2 + 11 + 843*h**2. Give c(o).
10
Let s(n) = n**3 + 6*n**2 - 3*n - 8. Suppose 62 + 99 = -23*c. What is s(c)?
-36
Let j(z) = -287*z + 257*z - 4 + 3. Calculate j(1).
-31
Let v(k) = -k**2 - k + 1. Let z(i) = -i**2 + i - 4. Let g(p) = 2*v(p) + z(p). What is g(2)?
-16
Let z(n) be the first derivative of 3*n**2 + 411. Calculate z(-1).
-6
Suppose o - 7 - 8 = 4*q, -3*o + 3*q = -18. Let z(f) = -4*f + 2. Let y(t) = -4 + 2 - 5*t + 3. Let m(i) = o*y(i) - 4*z(i). What is m(0)?
-5
Let c(q) be the second derivative of q**4/12 + 2*q**3/3 + 59*q. Let s = -10 + 6. Determine c(s).
0
Let a(o) be the third derivative of o**4/24 + o**3/6 + o**2. Let u = 38 - 36. Suppose 0 = -5*r + 15, -u*w - 6*r + 5*r - 9 = 0. Determine a(w).
-5
Let f(d) = 14*d - 1. Let n(l) = l**3 - 3*l**2 - 2*l - 6. Let o be n(4). Give f(o).
27
Let c(x) = 41 + 34 + 43 + x + 45 - 161. Determine c(-4).
-2
Let s(p) be the third derivative of p**4/12 - 7*p**3/6 + p**2 + 2. Calculate s(3).
-1
Suppose -5*u - 3*p + 14 = -13, 0 = -2*u - 2*p + 10. Let a be (-12)/u*(1 - 2). Let g(t) = 0*t**2 + 3*t**a + t**2 - 5*t - 3*t**2. Determine g(5).
0
Let j = 23 + -26. Let n(q) = -6*q + 5. Let u be n(j). Let t = 23 - u. Let w(s) = s - 5. Give w(t).
-5
Let b(d) = -5*d**3 + d**2 - 7*d + 1. Let f(l) = -4*l**3 + l**2 - 6*l. Let i(g) = -5*b(g) + 6*f(g). Give i(0).
-5
Let k(p) be the first derivative of -p**5/20 + 2*p**4/3 - p**3 + p**2/2 + 6*p - 22. Let q(t) be the first derivative of k(t). Give q(7).
8
Let k(s) = 3 - 1 + 2*s + 0*s. Let a(b) = b - 5. Let n be a(5). Suppose n = 5*q - 88 + 78. What is k(q)?
6
Let b = -47 - -51. Suppose -i = 5*u - 7, 6*u + 2*i - b = u. Let y(p) = -p**3 + 2*p. Calculate y(u).
-4
Let c(v) = -v**2 + 7*v - 9. Let d be 1 - (-40)/8 - 0. What is c(d)?
-3
Let z(q) = q**2 + 170 - 353 + 3*q + 178. Suppose -3 = -u + 1. Suppose d + 0 = -u. Calculate z(d).
-1
Let h(x) = -2*x + 8. Let u be h(-1). Let v(y) = 0*y - 2*y + 1 - u*y. Give v(1).
-11
Let q = -1 + 3. Let t(p) = -25*p - 1 + 1 - 26*p + 53*p. Calculate t(q).
4
Let i(n) be the third derivative of n**5/60 - 7*n**4/24 - 5*n**3/6 + 144*n**2. Give i(6).
-11
Suppose 0*g - 3*g = -18. Let a(j) = -1 - g - 3*j + 5 - j**2. Let v = 4 - 6. Calculate a(v).
0
Let z(i) = 8*i**2 - 22*i**2 + 13*i**2 + 5*i - 7*i. Let b(u) = 2*u + 3. Let l be b(-3). Calculate z(l).
-3
Let v(u) be the first derivative of -u**4/24 - u**3/3 - 7*u**2/2 - 3. Let k(q) be the second derivative of v(q). Give k(6).
-8
Let c(q) = q**3 + 6*q**2 + q - 6. Suppose 5*u - 313 = h, 5*u + 73 = 3*h + 392. Suppose 0 = -14*o - u - 8. What is c(o)?
14
Let r(f) = -f - 5. Let g(l) be the second derivative of 1/2*l**2 + 1/3*l**4 - 1/6*l**3 + 0 - 2*l. Let k be g(1). What is r(k)?
-9
Let s be (-2 + 9)/(-2*6/(-12)). Let i(a) = -a**3 + 8*a**2 - 5*a + 6. Give i(s).
20
Let i = -8 - -10. Suppose 0 = 4*h + 8, i*d - 3*h = 3*d - 15. Let w be (d/(-6))/(1/2). Let p(g) = -g - 1. What is p(w)?
6
Let p(w) be the third derivative of 7*w**4/24 + 7*w**3/6 + 85*w**2. Calculate p(-5).
-28
Let d(y) = -y**2 + 4*y + 4. Let t be d(4). Let j(z) = -39*z + z**2 - 5 + 38*z + t. Give j(-1).
1
Let d(q) = 1. Let m(o) = 2 - 8 + o + 0*o. Let v(s) = 2*d(s) + m(s). Let y(u) = u**2 - 2*u + 1. Let z be y(3). Calculate v(z).
0
Let f = -6 - 31. Let z = f + 39. Let a(p) be the second derivative of -p**5/20 + p**4/4 - p**3/6 + p. Calculate a(z).
2
Let h(r) = 10*r**3 - 18*r**2 - 2*r + 5. Let y(x) = 6*x**3 - 12*x**2 - 2*x + 3. Let u(b) = -5*h(b) + 8*y(b). Calculate u(-4).
55
Let p(y) = -y**3 + 7*y**2 + 11*y - 2. Let g be (-10 + 26/3)*-6. Give p(g).
22
Let f = 15 - 10. Suppose 0 = -3*j - 2*j. Let q(r) = -5*r + 0 + j*r - 1 + r**2. What is q(f)?
-1
Suppose -35*w - 742 = -777. Let g(s) = 7*s**2 - s - 1. Calculate g(w).
5
Let v(k) = -3*k**3 + 5*k**2 - 4. Let u be (6/2)/((-2)/(-6)). Let w be (u - -1) + -2 - 3. Let f(m) = 2*m**3 - 3*m**2 + 2. Let a(n) = w*f(n) + 3*v(n). Give a(0).
-2
Let s(a) = -a**3 - 4*a**2 + 4*a + 3. Let c = -8 - -7. Let b(v) = -4*v**2 - v. Let d be b(c). Let r be (5/d)/(1/3). Give s(r).
8
Let w(j) = j**2. Let o be w(2). Suppose 2 - 14 = -o*v, 2*c + 2*v + 20 = 0. Let m = c - -10. Let p(n) = -n - 4. Calculate p(m).
-1
Let y(p) be the third derivative of p**5/60 + p**4/6 - 3*p**3/2 - p**2 + 16*p. What is y(-7)?
12
Let q(y) = 2*y - 36*y**2 + 18*y**2 + 20*y**2 - 1 + 0*y. Calculate q(-3).
11
Let o(l) = l**3 + 5*l**2 + 4*l + 7. Let z(x) = x**3 - x*